{"id":40,"date":"2016-04-13T13:14:46","date_gmt":"2016-04-13T11:14:46","guid":{"rendered":"http:\/\/hburmeister-stralsund.de\/wordpress\/?page_id=40"},"modified":"2023-12-13T11:00:59","modified_gmt":"2023-12-13T10:00:59","slug":"ueber-uns","status":"publish","type":"page","link":"http:\/\/hburmeister-stralsund.de\/wordpress\/ueber-uns\/","title":{"rendered":"\u00dcber uns"},"content":{"rendered":"<p style=\"text-align: justify;\"><em><strong><a href=\"http:\/\/hburmeister-stralsund.de\/wordpress\/wp-content\/uploads\/2015\/06\/schule.jpg\" rel=\"attachment wp-att-33\"><img loading=\"lazy\" decoding=\"async\" class=\"size-medium wp-image-33 alignleft\" src=\"http:\/\/hburmeister-stralsund.de\/wordpress\/wp-content\/uploads\/2015\/06\/schule-300x225.jpg\" alt=\"SANYO DIGITAL CAMERA\" width=\"300\" height=\"225\" srcset=\"http:\/\/hburmeister-stralsund.de\/wordpress\/wp-content\/uploads\/2015\/06\/schule-300x225.jpg 300w, http:\/\/hburmeister-stralsund.de\/wordpress\/wp-content\/uploads\/2015\/06\/schule.jpg 448w\" sizes=\"auto, (max-width: 300px) 100vw, 300px\" \/><\/a>Unsere Schule entstand im Anschluss an den Ausbau der Stralsunder Tribseer Vorstadt. Die ersten Sch\u00fcler wurden am 1. September 1959 eingeschult. Bis zum heutigen Zeitpunkt verlie\u00dfen etwa 5000 Sch\u00fcler die Schule. Bis zur Wende fand der Unterricht f\u00fcr Sch\u00fcler der Klassenstufen eins bis zehn in der damaligen Polytechnischen Oberschule statt. Die Sch\u00fcler und Lehrer der fr\u00fcheren Unterstufe zogen in Verbindung mit der Umgestaltung zur Realschule in die neugebildeten Grundschulen um. Seit dem 19. Mai 1993 tr\u00e4gt unsere Schule den Namen des Stralsunder Wissenschaftlers Hermann Burmeister. Mit Beginn des Schuljahres 1996\/97 besuchen die Sch\u00fcler einer benachbarten ehemaligen Hauptschule die Hermann-Burmeister-Schule. Aus diesem Grund wurde die Bildungseinrichtung zu diesem Zeitpunkt in eine Verbundene Haupt- und Realschule umgewandelt. Zur Zeit werden etwa 300 Sch\u00fcler von cirka 20 Lehrern unterrichtet. Ein Sozialp\u00e4dagoge arbeitet ebenfalls in unserem Kollegium. Zur Hermann-Burmeister-Schule geh\u00f6rt au\u00dferdem ein Technikzentrum, an welchem der Unterricht im Fach Arbeit-Wirtschaft-Technik stattfindet. Seit Anfang\u00a0 des Schuljahres 2002\/03 ist unsere Schule eine Regionale Schule. <\/strong><\/em><em><strong>Die wesentlichen Entwicklungsabschnitte sollen in der folgenden Tabelle zusammengefasst werden.<\/strong><\/em><\/p>\n<table border=\"6\" cellspacing=\"4\" cellpadding=\"5\">\n<tbody>\n<tr>\n<th bgcolor=\"#C0C0C0\"><span style=\"font-size: large;\"><b> Zeitraum<\/b><\/span><\/th>\n<th bgcolor=\"#C0C0C0\"><span style=\"font-size: large;\"> <b> Name<\/b><\/span><\/th>\n<\/tr>\n<tr>\n<td><b><span style=\"font-size: large;\">1959 &#8211; 1972<\/span><\/b><\/td>\n<td><b><span style=\"font-size: large;\">Oberschule Tribseer Vorstadt<\/span><\/b><\/td>\n<\/tr>\n<tr>\n<td><b><span style=\"font-size: large;\">1972 &#8211; 1990<\/span><\/b><\/td>\n<td><b><span style=\"font-size: large;\">Fiete-Dettmann-Oberschule<\/span><\/b><\/td>\n<\/tr>\n<tr>\n<td><b><span style=\"font-size: large;\">1990 &#8211; 1993<\/span><\/b><\/td>\n<td><b><span style=\"font-size: large;\">Realschule Tribseer Vorstadt<\/span><\/b><\/td>\n<\/tr>\n<tr>\n<td><b><span style=\"font-size: large;\">1993 &#8211; 1996<\/span><\/b><\/td>\n<td><b><span style=\"font-size: large;\">Hermann-Burmeister-Realschule<\/span><\/b><\/td>\n<\/tr>\n<tr>\n<td><b><span style=\"font-size: large;\">seit 1.8.1996<\/span><\/b><\/td>\n<td><span style=\"font-size: large;\"> <b>Verbundene Haupt- und Realschule &#8222;Hermann Burmeister&#8220;<\/b><\/span><\/td>\n<\/tr>\n<tr>\n<td><b><span style=\"font-size: large;\">seit 1.8.2002<\/span><\/b><\/td>\n<td><b><span style=\"font-size: large;\">Regionale Schule &#8222;Hermann Burmeister&#8220;<\/span><\/b><\/td>\n<\/tr>\n<\/tbody>\n<\/table>\n<p><strong><em>Im Schuljahr 2023\/24 werden ca. 400 Sch\u00fcler\/innen von 36 Lehrer\/innen unterrichtet.<\/em><\/strong><\/p>\n","protected":false},"excerpt":{"rendered":"<p>Unsere Schule entstand im Anschluss an den Ausbau der Stralsunder Tribseer Vorstadt. Die ersten Sch\u00fcler wurden am 1. September 1959 eingeschult. Bis zum heutigen Zeitpunkt verlie\u00dfen etwa 5000 Sch\u00fcler die Schule. Bis zur Wende fand der Unterricht f\u00fcr Sch\u00fcler der Klassenstufen eins bis zehn in der damaligen Polytechnischen Oberschule statt. Die Sch\u00fcler und Lehrer der [&hellip;]<\/p>\n","protected":false},"author":1,"featured_media":0,"parent":0,"menu_order":0,"comment_status":"closed","ping_status":"closed","template":"","meta":{"footnotes":""},"class_list":["post-40","page","type-page","status-publish","hentry"],"_links":{"self":[{"href":"http:\/\/hburmeister-stralsund.de\/wordpress\/wp-json\/wp\/v2\/pages\/40","targetHints":{"allow":["GET"]}}],"collection":[{"href":"http:\/\/hburmeister-stralsund.de\/wordpress\/wp-json\/wp\/v2\/pages"}],"about":[{"href":"http:\/\/hburmeister-stralsund.de\/wordpress\/wp-json\/wp\/v2\/types\/page"}],"author":[{"embeddable":true,"href":"http:\/\/hburmeister-stralsund.de\/wordpress\/wp-json\/wp\/v2\/users\/1"}],"replies":[{"embeddable":true,"href":"http:\/\/hburmeister-stralsund.de\/wordpress\/wp-json\/wp\/v2\/comments?post=40"}],"version-history":[{"count":11,"href":"http:\/\/hburmeister-stralsund.de\/wordpress\/wp-json\/wp\/v2\/pages\/40\/revisions"}],"predecessor-version":[{"id":7021,"href":"http:\/\/hburmeister-stralsund.de\/wordpress\/wp-json\/wp\/v2\/pages\/40\/revisions\/7021"}],"wp:attachment":[{"href":"http:\/\/hburmeister-stralsund.de\/wordpress\/wp-json\/wp\/v2\/media?parent=40"}],"curies":[{"name":"wp","href":"https:\/\/api.w.org\/{rel}","templated":true}]}}